{"id":402,"date":"2014-03-19T11:13:05","date_gmt":"2014-03-19T11:13:05","guid":{"rendered":"http:\/\/bizkaiatletismo.eu\/jueces\/?page_id=402"},"modified":"2016-11-09T14:01:22","modified_gmt":"2016-11-09T13:01:22","slug":"uniformidad-de-los-jueces","status":"publish","type":"page","link":"https:\/\/bizkaiatletismo.eu\/jueces\/comite\/uniformidad-de-los-jueces\/","title":{"rendered":"Uniformidad de los Jueces"},"content":{"rendered":"<h1><b>Uniformidad de los Jueces de la Federaci\u00f3n Atl\u00e9tica Vizca\u00edna:<\/b><\/h1>\n<p>Los Jueces con licencia por esta federaci\u00f3n deber\u00e1n vestir el uniforme oficial, consistente en:<\/p>\n<p>-Uniforme de verano: Polo, pantal\u00f3n, sudadera y gorro. Precio: 40 \u20ac<\/p>\n<p>El importe del uniforme se detraer\u00e1 de las dietas a percibir por el juez, hasta que complete el pago total, salvo que realice SEIS o m\u00e1s actuaciones por temporada atl\u00e9tica, en competiciones de \u00e1mbito territorial FAV -no RFEA o FVA-, en cuyo caso se entrega el uniforme libre de cargo.<br \/>\nLa falta de uniformidad en las competiciones FAV no motivada, podr\u00e1 ser sancionada con la p\u00e9rdida de 1\/2 de la dieta.<br \/>\nEn las competiciones celebradas por la Federaci\u00f3n Vasca de Atletismo o la Real Federaci\u00f3n Espa\u00f1ola de Atletismo, los jueces deber\u00e1n llevar el uniforme de la Federaci\u00f3n Atl\u00e9tica Vizca\u00edna si no se les ha proporcionado otro.<\/p>\n","protected":false},"excerpt":{"rendered":"<p>Uniformidad de los Jueces de la Federaci\u00f3n Atl\u00e9tica Vizca\u00edna: Los Jueces con licencia por esta federaci\u00f3n deber\u00e1n vestir el uniforme oficial, consistente en: -Uniforme de verano: Polo, pantal\u00f3n, sudadera y gorro. Precio: 40 \u20ac El importe del uniforme se detraer\u00e1 &hellip; <a href=\"https:\/\/bizkaiatletismo.eu\/jueces\/comite\/uniformidad-de-los-jueces\/\">Sigue leyendo <span class=\"meta-nav\">&rarr;<\/span><\/a><\/p>\n","protected":false},"author":2,"featured_media":0,"parent":4,"menu_order":0,"comment_status":"closed","ping_status":"open","template":"","meta":{"footnotes":""},"class_list":["post-402","page","type-page","status-publish","hentry"],"_links":{"self":[{"href":"https:\/\/bizkaiatletismo.eu\/jueces\/wp-json\/wp\/v2\/pages\/402","targetHints":{"allow":["GET"]}}],"collection":[{"href":"https:\/\/bizkaiatletismo.eu\/jueces\/wp-json\/wp\/v2\/pages"}],"about":[{"href":"https:\/\/bizkaiatletismo.eu\/jueces\/wp-json\/wp\/v2\/types\/page"}],"author":[{"embeddable":true,"href":"https:\/\/bizkaiatletismo.eu\/jueces\/wp-json\/wp\/v2\/users\/2"}],"replies":[{"embeddable":true,"href":"https:\/\/bizkaiatletismo.eu\/jueces\/wp-json\/wp\/v2\/comments?post=402"}],"version-history":[{"count":2,"href":"https:\/\/bizkaiatletismo.eu\/jueces\/wp-json\/wp\/v2\/pages\/402\/revisions"}],"predecessor-version":[{"id":405,"href":"https:\/\/bizkaiatletismo.eu\/jueces\/wp-json\/wp\/v2\/pages\/402\/revisions\/405"}],"up":[{"embeddable":true,"href":"https:\/\/bizkaiatletismo.eu\/jueces\/wp-json\/wp\/v2\/pages\/4"}],"wp:attachment":[{"href":"https:\/\/bizkaiatletismo.eu\/jueces\/wp-json\/wp\/v2\/media?parent=402"}],"curies":[{"name":"wp","href":"https:\/\/api.w.org\/{rel}","templated":true}]}}